{"id":914,"date":"2022-11-08T14:37:03","date_gmt":"2022-11-08T13:37:03","guid":{"rendered":"http:\/\/naturopause.fr\/?page_id=914"},"modified":"2026-03-14T22:42:15","modified_gmt":"2026-03-14T21:42:15","slug":"formation-certifiante-a-la-reflexologie","status":"publish","type":"page","link":"https:\/\/naturopause.fr\/index.php\/formation-certifiante-a-la-reflexologie\/","title":{"rendered":"Formation Certifiante \u00e0 la r\u00e9flexologie"},"content":{"rendered":"\n<h2 class=\"wp-block-heading has-text-align-center has-black-color has-vivid-purple-background-color has-text-color has-background\">Pr\u00e9sentation<\/h2>\n\n\n\n<h3 class=\"wp-block-heading\">Objectif&nbsp;:<\/h3>\n\n\n\n<ul>\n<li>\u00catre capable de r\u00e9aliser des s\u00e9ances de R\u00e9flexologie adapt\u00e9es \u00e0 la demande et aux besoins du consultant.<\/li>\n\n\n\n<li>Acqu\u00e9rir les connaissances th\u00e9oriques n\u00e9cessaires ainsi que les gestes techniques professionnels.<\/li>\n<\/ul>\n\n\n\n<p>Cette formation est ouverte \u00e0 tou(te)s, sans pr\u00e9-requis<\/p>\n\n\n\n<ul>\n<li>Toute personne ayant de l&rsquo;int\u00e9r\u00eat dans les techniques naturelles de relaxation<\/li>\n\n\n\n<li>Toute personne dans une d\u00e9marche de reconversion professionnelle<\/li>\n<\/ul>\n\n\n<div class=\"wp-block-image\">\n<figure class=\"aligncenter size-full is-resized\"><img loading=\"lazy\" decoding=\"async\" width=\"800\" height=\"565\" src=\"http:\/\/naturopause.fr\/wp-content\/uploads\/2022\/11\/11377326-1651730778392112-8178778665349395189-n.jpg\" alt=\"\" class=\"wp-image-917\" style=\"width:509px;height:359px\" srcset=\"https:\/\/naturopause.fr\/wp-content\/uploads\/2022\/11\/11377326-1651730778392112-8178778665349395189-n.jpg 800w, https:\/\/naturopause.fr\/wp-content\/uploads\/2022\/11\/11377326-1651730778392112-8178778665349395189-n-300x212.jpg 300w, https:\/\/naturopause.fr\/wp-content\/uploads\/2022\/11\/11377326-1651730778392112-8178778665349395189-n-768x542.jpg 768w, https:\/\/naturopause.fr\/wp-content\/uploads\/2022\/11\/11377326-1651730778392112-8178778665349395189-n-85x60.jpg 85w, https:\/\/naturopause.fr\/wp-content\/uploads\/2022\/11\/11377326-1651730778392112-8178778665349395189-n-600x424.jpg 600w\" sizes=\"(max-width: 800px) 100vw, 800px\" \/><\/figure><\/div>\n\n\n<p class=\"has-text-align-center has-black-color has-vivid-purple-background-color has-text-color has-background has-large-font-size\"><strong>Programme&nbsp;:<\/strong><\/p>\n\n\n\n<h2 class=\"wp-block-heading\">6  jours en pr\u00e9sentiel  : <\/h2>\n\n\n\n<p class=\"has-large-font-size\"><strong>=&gt; Nouvelles dates de formation :<\/strong> du lundi ???? juin   au samedi ???? 2026 ( \u00e0 d\u00e9finir, me contacter )<\/p>\n\n\n\n<p class=\"has-vivid-purple-color has-text-color has-medium-font-size\"><strong>Petite nouveaut\u00e9  pour cette ann\u00e9e !! :<\/strong>  vous pouvez choisir votre calendrier de formation !<\/p>\n\n\n\n<p class=\"has-vivid-purple-color has-text-color has-medium-font-size\">Donc en semaine, les weekend , etc : choisissez 6 journ\u00e9es qui correspondent \u00e0 votre emploi du temps ( sur max 3 mois ) <\/p>\n\n\n\n<p class=\"has-vivid-purple-color has-text-color has-medium-font-size\"><\/p>\n\n\n\n<p><\/p>\n\n\n\n<p class=\"has-vivid-purple-color has-text-color\"><strong> Jour 1: <\/strong><\/p>\n\n\n\n<p class=\"has-black-color has-text-color\"><br>Pr\u00e9sentation.<br>D\u00e9finition de la r\u00e9flexologie.&nbsp;<br>Historique.<br>Mode d\u2019action de la r\u00e9flexologie.<\/p>\n\n\n\n<p>Th\u00e9orie des correspondances<\/p>\n\n\n\n<p>Anatomie et quelques pathologies du pied<\/p>\n\n\n\n<p>Les diff\u00e9rentes techniques de massages<\/p>\n\n\n\n<p>D\u00e9roulement d&rsquo;une s\u00e9ance , mat\u00e9riel \u00e0 utiliser , hygi\u00e8ne<\/p>\n\n\n\n<p>&nbsp;Protocole de d\u00e9tente des pieds&nbsp;; relaxation du patient<\/p>\n\n\n\n<p class=\"has-vivid-purple-color has-text-color\"><u><strong>Jour 2 : <\/strong><\/u><\/p>\n\n\n\n<p><strong>Apprentissage du travail r\u00e9flexe du <\/strong><strong>syst\u00e8me respiratoire et du syst\u00e8me nerveux<\/strong><\/p>\n\n\n\n<ul>\n<li>\u00c9tude des effets du stress sur l&rsquo;organisme<\/li>\n<\/ul>\n\n\n\n<p><strong>=&gt; Approfondissement des notions d\u2019Anatomie et de Physiologie et applications pratiques avec \u00e9tudes de cas du syst\u00e8me respiratoire et du syst\u00e8me nerveux. jour 3<\/strong><\/p>\n\n\n\n<p><strong>Apprentissage du travail r\u00e9flexe du <\/strong><strong>syst\u00e8me endocrinien, et du syst\u00e8me digestif.<\/strong><\/p>\n\n\n\n<p>=&gt; Approfondissement des notions d\u2019Anatomie et de Physiologie et applications pratiques avec \u00e9tudes de cas du syst\u00e8me endocrinien et du syst\u00e8me digestif.<\/p>\n\n\n\n<p class=\"has-vivid-purple-color has-text-color\"><strong><u><strong>Jour 3&nbsp;:<\/strong><\/u><\/strong><\/p>\n\n\n\n<p><strong>Apprentissage du travail r\u00e9flexe du <\/strong><strong>syst\u00e8me urinaire et du syst\u00e8me g\u00e9nita<\/strong><strong>l<\/strong><\/p>\n\n\n\n<p>=&gt; Approfondissement des notions d\u2019Anatomie et de Physiologie et applications pratiques avec \u00e9tudes de cas du syst\u00e8me urinaire et du syst\u00e8me g\u00e9nital.<\/p>\n\n\n\n<p class=\"has-vivid-purple-color has-text-color\"><\/p>\n\n\n\n<p><strong>Apprentissage du travail r\u00e9flexe des syst\u00e8mes circulatoires<\/strong><\/p>\n\n\n\n<p>=&gt; Approfondissement des notions d\u2019Anatomie et de Physiologie et applications pratiques avec \u00e9tudes de cas des syst\u00e8mes circulatoires veineux et lymphatiques .<\/p>\n\n\n\n<p class=\"has-vivid-purple-color has-text-color\"><strong>Jour <\/strong>4 :<\/p>\n\n\n\n<p><strong>Int\u00e9gration<\/strong> et mise en application de la m\u00e9thode pratique des<strong> Organes des sens<\/strong>.<\/p>\n\n\n\n<p>=&gt; Approfondissement des notions d\u2019Anatomie et de Physiologie et applications pratiques avec \u00e9tudes de cas des organes des sens.<\/p>\n\n\n\n<p class=\"has-vivid-purple-color has-text-color\">Jour 5:<\/p>\n\n\n\n<p><strong>Apprentissage du travail r\u00e9flexe du syst\u00e8me<\/strong> <strong>musculo-squelettique <\/strong><br><\/p>\n\n\n\n<p>=&gt; Approfondissement des notions d\u2019Anatomie et de Physiologie et applications pratiques avec \u00e9tudes de cas du syst\u00e8me musculo\/squelettique.<\/p>\n\n\n\n<p><strong>Apprentissage du travail r\u00e9flexe du syst\u00e8me<\/strong> <strong>immunitaire <\/strong><\/p>\n\n\n\n<p>=&gt; Approfondissement des notions d\u2019Anatomie et de Physiologie et applications pratiques avec \u00e9tudes de cas du syst\u00e8me immunitaire<\/p>\n\n\n\n<p class=\"has-vivid-purple-color has-text-color\"><strong>Jour <\/strong>6<strong><u>&nbsp;:<\/u><\/strong><\/p>\n\n\n\n<p><strong><u><strong>Notion d\u2019Aromath\u00e9rapie<\/strong><\/u><\/strong><\/p>\n\n\n\n<p class=\"has-black-color has-text-color\"><strong>Ses utilisations en R\u00e9flexologie , et les pr\u00e9cautions \u00e0 prendre,<\/strong><\/p>\n\n\n\n<p class=\"has-black-color has-text-color\"><strong>\u00e9tude des propri\u00e9t\u00e9s et de l\u2019usage de certaines  huiles essentielles.:<\/strong><\/p>\n\n\n\n<p class=\"has-black-color has-text-color\"><strong>La r\u00e9flexologie \u00e9motionnelle et \u00e9nerg\u00e9tique&nbsp;: d\u00e9couverte, notion<\/strong><\/p>\n\n\n\n<p class=\"has-black-color has-text-color\"><strong>Les diff\u00e9rentes planches existantes&nbsp;: Axe familiale&nbsp;; Pass\u00e9 \/pr\u00e9sent\/futur<\/strong><\/p>\n\n\n\n<p class=\"has-black-color has-text-color\"><strong>Les huiles essentielles \u00e9nerg\u00e9tiques \u00e0 lib\u00e9ration \u00e9motionnelle .<\/strong><\/p>\n\n\n\n<p class=\"has-black-color has-text-color\"><strong>La notion de spiritualit\u00e9 ( valeurs, croyances, pr\u00e9jug\u00e9s, etc)<\/strong><\/p>\n\n\n\n<p><br><br><br><strong><u>Comp\u00e9tences vis\u00e9es <\/u><\/strong><\/p>\n\n\n\n<p><strong><u>R\u00e9aliser une s\u00e9ance de r\u00e9flexologie plantaire ou autre et l\u2019appliquer sur le terrain<br><br><\/u>&#8211; <\/strong>Questionner le client et \u00e9tablir la pertinence d\u2019un rendez vous.<br>&#8211; Hi\u00e9rarchiser les zones r\u00e9flexes \u00e0 travailler.<br>&#8211; \u00c9laborer un protocole r\u00e9flexologique.<br>&#8211; Int\u00e9grer des savoirs en anatomie physiologie et les appliquer \u00e0 la r\u00e9flexologie.<br>&#8211; R\u00e9aliser des s\u00e9ances de r\u00e9flexologie plantaire.<br>&#8211; Communiquer sur son projet professionnel.<\/p>\n\n\n<div class=\"wp-block-image\">\n<figure class=\"aligncenter size-large is-resized\"><img loading=\"lazy\" decoding=\"async\" width=\"918\" height=\"1024\" src=\"https:\/\/naturopause.fr\/wp-content\/uploads\/2024\/09\/460417393_10226322330945707_6963464346687467968_n-918x1024.jpg\" alt=\"\" class=\"wp-image-1303\" style=\"width:491px;height:auto\" srcset=\"https:\/\/naturopause.fr\/wp-content\/uploads\/2024\/09\/460417393_10226322330945707_6963464346687467968_n-918x1024.jpg 918w, https:\/\/naturopause.fr\/wp-content\/uploads\/2024\/09\/460417393_10226322330945707_6963464346687467968_n-269x300.jpg 269w, https:\/\/naturopause.fr\/wp-content\/uploads\/2024\/09\/460417393_10226322330945707_6963464346687467968_n-768x857.jpg 768w, https:\/\/naturopause.fr\/wp-content\/uploads\/2024\/09\/460417393_10226322330945707_6963464346687467968_n-1376x1536.jpg 1376w, https:\/\/naturopause.fr\/wp-content\/uploads\/2024\/09\/460417393_10226322330945707_6963464346687467968_n-573x640.jpg 573w, https:\/\/naturopause.fr\/wp-content\/uploads\/2024\/09\/460417393_10226322330945707_6963464346687467968_n-600x670.jpg 600w, https:\/\/naturopause.fr\/wp-content\/uploads\/2024\/09\/460417393_10226322330945707_6963464346687467968_n-81x90.jpg 81w, https:\/\/naturopause.fr\/wp-content\/uploads\/2024\/09\/460417393_10226322330945707_6963464346687467968_n.jpg 1835w\" sizes=\"(max-width: 918px) 100vw, 918px\" \/><\/figure><\/div>\n\n\n<h2 class=\"wp-block-heading has-text-align-center has-black-color has-vivid-purple-background-color has-text-color has-background\"><strong>Modalit\u00e9s <\/strong><\/h2>\n\n\n\n<p class=\"has-vivid-purple-color has-text-color\"><strong><u>M\u00e9thodes et mat\u00e9riels p\u00e9dagogiques&nbsp;<\/u><\/strong><\/p>\n\n\n\n<ul>\n<li>Tous les matins r\u00e9vision des acquis des jours pr\u00e9c\u00e9dents<\/li>\n\n\n\n<li>Mise en application par bin\u00f4me<\/li>\n\n\n\n<li>M\u00e9thode active et participative<\/li>\n\n\n\n<li>Divers livres sur tous les th\u00e8mes abord\u00e9s<\/li>\n\n\n\n<li>Planche d&rsquo;anatomie \u00e0 colorier<\/li>\n\n\n\n<li>Livret p\u00e9dagogique de 100 pages  fournit<\/li>\n\n\n\n<li>Baume de massage<\/li>\n\n\n\n<li>De l&rsquo;huile v\u00e9g\u00e9tale (Amande, Argan ou autre\u2026)<\/li>\n\n\n\n<li>Du gel hydro-alcoolique<\/li>\n<\/ul>\n\n\n\n<p class=\"has-vivid-purple-color has-text-color\"><strong><u>Examen Final<\/u><\/strong><\/p>\n\n\n\n<p><strong><br>\u00c9preuve orale :<\/strong> 15 minutes<\/p>\n\n\n\n<p>Anatomie, physiologie, r\u00e9flexologie sous forme de questions ouvertes et de QCM.<strong><br>.<br>\u00c9preuve&nbsp;de pratique: <\/strong>45 minutes \u00e0 1h environ<strong><br><\/strong>R\u00e9alisation d\u2019un protocole r\u00e9flexologique en fonction d\u2019une anomalie fonctionnelle tir\u00e9e au sort<\/p>\n\n\n\n<p><strong>Modalit\u00e9s&nbsp; :<br><\/strong>Le Certificat est d\u00e9livr\u00e9 apr\u00e8s r\u00e9ussite des 2 \u00e9preuves&nbsp;: th\u00e9orique et pratique avec une moyenne minimum de 12 \u00e0 chaque examen <strong>.<\/strong><\/p>\n\n\n\n<p><strong>Obtention de 14 minimum pour la note finale&nbsp;<\/strong><\/p>\n\n\n\n<p><strong><u>Examen et remise du <\/u><\/strong><strong><em><u>\u00ab&nbsp;Certificat de Praticien en R\u00e9flexologie Plantaire&nbsp;\u00bb<\/u><\/em><\/strong><strong><u> (si r\u00e9ussite)<\/u><\/strong><\/p>\n\n\n\n<p>\u00ab\u00a0L\u2019organisme  formant \u00e0 ce stage n\u2019est pas d\u00e9tenteur de la certification Qualiopi, vous ne pouvez pas b\u00e9n\u00e9ficier d\u2019un financement public (P\u00f4le emploi, Conseil R\u00e9gional, OPCO, Agefiph\u2026) ou utiliser vos droits CPF via Mon Compte Formation\u00a0\u00bb.<\/p>\n\n\n\n<p class=\"has-vivid-purple-color has-text-color\"><strong>Dur\u00e9e de la formation :<br> environ 40 h <\/strong>en pr\u00e9sentiel exclusivement<br>&nbsp;+ heures de travail personnel consacr\u00e9es \u00e0 la mise en application de la technique pratique en r\u00e9flexologie plantaire<\/p>\n\n\n\n<p class=\"has-vivid-purple-color has-text-color\"><strong>Dates de formation pour 2025: <\/strong><\/p>\n\n\n\n<p class=\"has-vivid-red-color has-text-color\">du lundi 3 novembre au samedi 8 novembre<\/p>\n\n\n\n<p class=\"has-vivid-purple-color has-text-color\"><br><br><strong>Horaires : pour 2025<br><\/strong>9h &#8211; 12h &#8211; 13h30 \u2013 16h 30soit  6h de cours quotidien ( collations pr\u00e9vues ; repas tir\u00e9 de votre panier)<br><br><strong>Effectif&nbsp;:<br>6<\/strong> personnes max<\/p>\n\n\n\n<p class=\"has-vivid-red-color has-text-color\"><\/p>\n\n\n\n<p class=\"has-vivid-cyan-blue-color has-text-color\"><\/p>\n\n\n\n<p class=\"has-vivid-purple-color has-text-color\"><strong>Tarif&nbsp;<\/strong>:<\/p>\n\n\n\n<p class=\"has-vivid-purple-color has-text-color\">Formation&nbsp;: 720\u20ac ( 120\/ jour ; 20\u20ac \/h) <\/p>\n\n\n\n<p class=\"has-vivid-purple-color has-text-color\">=&gt; possibilit\u00e9 de paiement \u00e9chelonn\u00e9 en 4X et jusqu&rsquo;\u00e0 10X sans frais ( me consulter si besoin )<\/p>\n\n\n\n<p class=\"has-vivid-purple-color has-text-color\">Tarif examen&nbsp;: gratuit <\/p>\n\n\n\n<p class=\"has-vivid-purple-color has-text-color\"><br><strong>&nbsp;&nbsp; Mat\u00e9riel \u00e0 apporter le jour de votre formation :<\/strong><br>&nbsp; \u2013 Une  serviette de toilette<br>&nbsp; \u2013 Un stylo et un surligneur.<br>&nbsp; \u2013 Un bloc-notes ou un cahier<br><br><strong>Renseignements et<\/strong> <strong>Inscription :<\/strong> par t\u00e9l\u00e9phone exclusivement au 06 400 503 87 !!<br><\/p>\n\n\n\n<p><strong>L&rsquo;intention et la finalit\u00e9 de la r\u00e9flexologie \u00e9tant le bien-\u00eatre de la personne, les techniques pratiqu\u00e9es en l&rsquo;absence de diagnostic et de traitement th\u00e9rapeutique, ne s&rsquo;apparentent en rien, ni dans les contenus, ni dans les objectifs, \u00e0 la pratique de la masso-kin\u00e9sith\u00e9rapie, ni \u00e0 une pratique m\u00e9dicale.<\/strong><\/p>\n\n\n\n<p><strong>1ere formation r\u00e9ussie <\/strong>: merci beaucoup \u00e0 Marie-Elisabeth L. et \u00e0 Julienne G. pour leur participations actives et leur \u00e9coute ! Les \u00e9changes et interactions ont ont \u00e9t\u00e9 passionnants .<\/p>\n\n\n\n<div class=\"wp-block-media-text alignwide is-stacked-on-mobile\"><figure class=\"wp-block-media-text__media\"><img loading=\"lazy\" decoding=\"async\" width=\"750\" height=\"563\" src=\"http:\/\/naturopause.fr\/wp-content\/uploads\/2023\/04\/334185668_1866529503724692_9174811985716121024_n.jpg\" alt=\"\" class=\"wp-image-952 size-full\" srcset=\"https:\/\/naturopause.fr\/wp-content\/uploads\/2023\/04\/334185668_1866529503724692_9174811985716121024_n.jpg 750w, https:\/\/naturopause.fr\/wp-content\/uploads\/2023\/04\/334185668_1866529503724692_9174811985716121024_n-300x225.jpg 300w, https:\/\/naturopause.fr\/wp-content\/uploads\/2023\/04\/334185668_1866529503724692_9174811985716121024_n-640x480.jpg 640w, https:\/\/naturopause.fr\/wp-content\/uploads\/2023\/04\/334185668_1866529503724692_9174811985716121024_n-600x450.jpg 600w, https:\/\/naturopause.fr\/wp-content\/uploads\/2023\/04\/334185668_1866529503724692_9174811985716121024_n-120x90.jpg 120w\" sizes=\"(max-width: 750px) 100vw, 750px\" \/><\/figure><div class=\"wp-block-media-text__content\">\n<p>Apprentissage studieux  de la r\u00e9flexologie !!<\/p>\n<\/div><\/div>\n\n\n<div class=\"wp-block-image\">\n<figure class=\"aligncenter size-full is-resized\"><img loading=\"lazy\" decoding=\"async\" width=\"750\" height=\"1000\" src=\"http:\/\/naturopause.fr\/wp-content\/uploads\/2023\/04\/334248273_961665728604164_7115167507252984716_n.jpg\" alt=\"\" class=\"wp-image-953\" style=\"width:400px;height:532px\" srcset=\"https:\/\/naturopause.fr\/wp-content\/uploads\/2023\/04\/334248273_961665728604164_7115167507252984716_n.jpg 750w, https:\/\/naturopause.fr\/wp-content\/uploads\/2023\/04\/334248273_961665728604164_7115167507252984716_n-225x300.jpg 225w, https:\/\/naturopause.fr\/wp-content\/uploads\/2023\/04\/334248273_961665728604164_7115167507252984716_n-480x640.jpg 480w, https:\/\/naturopause.fr\/wp-content\/uploads\/2023\/04\/334248273_961665728604164_7115167507252984716_n-600x800.jpg 600w, https:\/\/naturopause.fr\/wp-content\/uploads\/2023\/04\/334248273_961665728604164_7115167507252984716_n-68x90.jpg 68w\" sizes=\"(max-width: 750px) 100vw, 750px\" \/><figcaption class=\"wp-element-caption\">C&rsquo;est toujours un plaisir de transmettre sa passion !<\/figcaption><\/figure><\/div>\n\n\n<div class=\"wp-block-media-text alignwide is-stacked-on-mobile\"><figure class=\"wp-block-media-text__media\"><img loading=\"lazy\" decoding=\"async\" width=\"750\" height=\"563\" src=\"http:\/\/naturopause.fr\/wp-content\/uploads\/2023\/04\/334496939_942726506771918_2971529354682590734_n.jpg\" alt=\"\" class=\"wp-image-954 size-full\" srcset=\"https:\/\/naturopause.fr\/wp-content\/uploads\/2023\/04\/334496939_942726506771918_2971529354682590734_n.jpg 750w, https:\/\/naturopause.fr\/wp-content\/uploads\/2023\/04\/334496939_942726506771918_2971529354682590734_n-300x225.jpg 300w, https:\/\/naturopause.fr\/wp-content\/uploads\/2023\/04\/334496939_942726506771918_2971529354682590734_n-640x480.jpg 640w, https:\/\/naturopause.fr\/wp-content\/uploads\/2023\/04\/334496939_942726506771918_2971529354682590734_n-600x450.jpg 600w, https:\/\/naturopause.fr\/wp-content\/uploads\/2023\/04\/334496939_942726506771918_2971529354682590734_n-120x90.jpg 120w\" sizes=\"(max-width: 750px) 100vw, 750px\" \/><\/figure><div class=\"wp-block-media-text__content\">\n<p><strong>Protocole d\u00e9tente ! <\/strong><\/p>\n<\/div><\/div>\n\n\n<div class=\"wp-block-image\">\n<figure class=\"aligncenter size-large\"><img loading=\"lazy\" decoding=\"async\" width=\"1024\" height=\"768\" src=\"http:\/\/naturopause.fr\/wp-content\/uploads\/2023\/04\/336969844_1420256962111267_1197193187368401532_n-1024x768.jpg\" alt=\"\" class=\"wp-image-955\" srcset=\"https:\/\/naturopause.fr\/wp-content\/uploads\/2023\/04\/336969844_1420256962111267_1197193187368401532_n-1024x768.jpg 1024w, https:\/\/naturopause.fr\/wp-content\/uploads\/2023\/04\/336969844_1420256962111267_1197193187368401532_n-300x225.jpg 300w, https:\/\/naturopause.fr\/wp-content\/uploads\/2023\/04\/336969844_1420256962111267_1197193187368401532_n-768x576.jpg 768w, https:\/\/naturopause.fr\/wp-content\/uploads\/2023\/04\/336969844_1420256962111267_1197193187368401532_n-1536x1152.jpg 1536w, https:\/\/naturopause.fr\/wp-content\/uploads\/2023\/04\/336969844_1420256962111267_1197193187368401532_n-640x480.jpg 640w, https:\/\/naturopause.fr\/wp-content\/uploads\/2023\/04\/336969844_1420256962111267_1197193187368401532_n-600x450.jpg 600w, https:\/\/naturopause.fr\/wp-content\/uploads\/2023\/04\/336969844_1420256962111267_1197193187368401532_n-120x90.jpg 120w, https:\/\/naturopause.fr\/wp-content\/uploads\/2023\/04\/336969844_1420256962111267_1197193187368401532_n.jpg 2048w\" sizes=\"(max-width: 1024px) 100vw, 1024px\" \/><figcaption class=\"wp-element-caption\"><strong>Tr\u00e8s fi\u00e8re de la r\u00e9ussite de mes 2 premi\u00e8res stagiaires <\/strong><\/figcaption><\/figure><\/div>\n\n\n<figure class=\"wp-block-image size-large is-resized\"><img loading=\"lazy\" decoding=\"async\" width=\"1024\" height=\"768\" src=\"http:\/\/naturopause.fr\/wp-content\/uploads\/2024\/03\/430289065_2070844176628278_8050620906160771883_n-1024x768.jpg\" alt=\"\" class=\"wp-image-1156\" style=\"width:657px;height:493px\" srcset=\"https:\/\/naturopause.fr\/wp-content\/uploads\/2024\/03\/430289065_2070844176628278_8050620906160771883_n-1024x768.jpg 1024w, https:\/\/naturopause.fr\/wp-content\/uploads\/2024\/03\/430289065_2070844176628278_8050620906160771883_n-300x225.jpg 300w, https:\/\/naturopause.fr\/wp-content\/uploads\/2024\/03\/430289065_2070844176628278_8050620906160771883_n-768x576.jpg 768w, https:\/\/naturopause.fr\/wp-content\/uploads\/2024\/03\/430289065_2070844176628278_8050620906160771883_n-1536x1152.jpg 1536w, https:\/\/naturopause.fr\/wp-content\/uploads\/2024\/03\/430289065_2070844176628278_8050620906160771883_n-640x480.jpg 640w, https:\/\/naturopause.fr\/wp-content\/uploads\/2024\/03\/430289065_2070844176628278_8050620906160771883_n-600x450.jpg 600w, https:\/\/naturopause.fr\/wp-content\/uploads\/2024\/03\/430289065_2070844176628278_8050620906160771883_n-120x90.jpg 120w, https:\/\/naturopause.fr\/wp-content\/uploads\/2024\/03\/430289065_2070844176628278_8050620906160771883_n.jpg 2016w\" sizes=\"(max-width: 1024px) 100vw, 1024px\" \/><figcaption class=\"wp-element-caption\">Les 2 stagiaires tr\u00e8s appliqu\u00e9es <\/figcaption><\/figure>\n\n\n\n<figure class=\"wp-block-video\"><video controls src=\"http:\/\/naturopause.fr\/wp-content\/uploads\/2023\/04\/10000000_6267878826611939_8325232558938075098_n.mp4\"><\/video><figcaption class=\"wp-element-caption\"><strong>Petit extrait de la formation : apprentissage du protocole de fin !!<\/strong> <\/figcaption><\/figure>\n","protected":false},"excerpt":{"rendered":"<p>Pr\u00e9sentation Objectif&nbsp;: Cette formation est ouverte \u00e0 tou(te)s, sans pr\u00e9-requis Programme&nbsp;: 6 jours en pr\u00e9sentiel : =&gt; Nouvelles dates de formation : du lundi ???? juin au samedi ???? 2026 ( \u00e0 d\u00e9finir, me contacter ) Petite nouveaut\u00e9 pour cette ann\u00e9e !! : vous&#8230;<\/p>\n","protected":false},"author":1,"featured_media":0,"parent":0,"menu_order":0,"comment_status":"closed","ping_status":"closed","template":"","meta":{"footnotes":""},"_links":{"self":[{"href":"https:\/\/naturopause.fr\/index.php\/wp-json\/wp\/v2\/pages\/914"}],"collection":[{"href":"https:\/\/naturopause.fr\/index.php\/wp-json\/wp\/v2\/pages"}],"about":[{"href":"https:\/\/naturopause.fr\/index.php\/wp-json\/wp\/v2\/types\/page"}],"author":[{"embeddable":true,"href":"https:\/\/naturopause.fr\/index.php\/wp-json\/wp\/v2\/users\/1"}],"replies":[{"embeddable":true,"href":"https:\/\/naturopause.fr\/index.php\/wp-json\/wp\/v2\/comments?post=914"}],"version-history":[{"count":32,"href":"https:\/\/naturopause.fr\/index.php\/wp-json\/wp\/v2\/pages\/914\/revisions"}],"predecessor-version":[{"id":1518,"href":"https:\/\/naturopause.fr\/index.php\/wp-json\/wp\/v2\/pages\/914\/revisions\/1518"}],"wp:attachment":[{"href":"https:\/\/naturopause.fr\/index.php\/wp-json\/wp\/v2\/media?parent=914"}],"curies":[{"name":"wp","href":"https:\/\/api.w.org\/{rel}","templated":true}]}}