{"id":1276,"date":"2024-08-28T17:06:42","date_gmt":"2024-08-28T15:06:42","guid":{"rendered":"https:\/\/naturopause.fr\/?page_id=1276"},"modified":"2024-08-28T17:06:42","modified_gmt":"2024-08-28T15:06:42","slug":"le-amma-assis","status":"publish","type":"page","link":"https:\/\/naturopause.fr\/index.php\/le-amma-assis\/","title":{"rendered":"\u00ab\u00a0Le Amma Assis\u00a0\u00bb"},"content":{"rendered":"\n<figure class=\"wp-block-gallery has-nested-images columns-default is-cropped wp-block-gallery-1 is-layout-flex wp-block-gallery-is-layout-flex\">\n<figure class=\"wp-block-image size-large\"><img loading=\"lazy\" decoding=\"async\" width=\"1000\" height=\"658\" data-id=\"1277\" src=\"https:\/\/naturopause.fr\/wp-content\/uploads\/2024\/08\/amma-assis.jpg\" alt=\"\" class=\"wp-image-1277\" srcset=\"https:\/\/naturopause.fr\/wp-content\/uploads\/2024\/08\/amma-assis.jpg 1000w, https:\/\/naturopause.fr\/wp-content\/uploads\/2024\/08\/amma-assis-300x197.jpg 300w, https:\/\/naturopause.fr\/wp-content\/uploads\/2024\/08\/amma-assis-768x505.jpg 768w, https:\/\/naturopause.fr\/wp-content\/uploads\/2024\/08\/amma-assis-640x421.jpg 640w, https:\/\/naturopause.fr\/wp-content\/uploads\/2024\/08\/amma-assis-600x395.jpg 600w, https:\/\/naturopause.fr\/wp-content\/uploads\/2024\/08\/amma-assis-137x90.jpg 137w\" sizes=\"(max-width: 1000px) 100vw, 1000px\" \/><\/figure>\n<\/figure>\n\n\n\n<p><strong><em>Le\u00a0massage Amma (d\u00e9riv\u00e9 du terme An Mo qui signifie \u00ab\u00a0presser\u00a0\u00bb et \u00ab\u00a0frotter\u00a0\u00bb) est une approche \u00e9nerg\u00e9tique mill\u00e9naire bas\u00e9e sur les principes des M\u00e9decines traditionnelles japonaise et chinoise.<\/em><\/strong><\/p>\n\n\n\n<p> <strong><em>Il a pour objectif d\u2019\u00e9liminer les blocages \u00e9nerg\u00e9tiques et de pr\u00e9venir et maintenir\u00a0la sant\u00e9 en exer\u00e7ant une s\u00e9rie de manoeuvres sur des points sp\u00e9cifiques situ\u00e9s le long des m\u00e9ridiens, des muscles et des articulations.<\/em><\/strong><\/p>\n\n\n\n<p><strong><em>\u00a0En plus d\u2019\u00eatre\u00a0stimulant, il permet d\u2019atteindre un \u00e9tat profond de\u00a0relaxation\u00a0et de\u00a0bien-\u00eatre\u00a0int\u00e9rieur. <\/em><\/strong><\/p>\n\n\n\n<p><strong><em>Le massage assis se pratique sur une chaise ergonomique et dure environ  de 20 \u00e0 40 minute<\/em><\/strong>s<\/p>\n\n\n\n<p><strong><em>\u00a0Son effet apaisant et \u00e9nergisant convient \u00e0 un tr\u00e8s large public.<\/em><\/strong><\/p>\n\n\n\n<p><strong><em> Il peut, entre autres, contribuer \u00e0 diminuer l&rsquo;excitabilit\u00e9 nerveuse, \u00e0 soulager du stress et il entra\u00eene un \u00e9tat de bien-\u00eatre g\u00e9n\u00e9ral<\/em><\/strong>.<\/p>\n\n\n<div class=\"wp-block-image\">\n<figure class=\"aligncenter size-large is-resized\"><img loading=\"lazy\" decoding=\"async\" src=\"https:\/\/naturopause.fr\/wp-content\/uploads\/2024\/08\/448592795_10225516933451273_947345361643880425_n-768x1024.jpg\" alt=\"\" class=\"wp-image-1281\" width=\"558\" height=\"744\" srcset=\"https:\/\/naturopause.fr\/wp-content\/uploads\/2024\/08\/448592795_10225516933451273_947345361643880425_n-768x1024.jpg 768w, https:\/\/naturopause.fr\/wp-content\/uploads\/2024\/08\/448592795_10225516933451273_947345361643880425_n-225x300.jpg 225w, https:\/\/naturopause.fr\/wp-content\/uploads\/2024\/08\/448592795_10225516933451273_947345361643880425_n-1152x1536.jpg 1152w, https:\/\/naturopause.fr\/wp-content\/uploads\/2024\/08\/448592795_10225516933451273_947345361643880425_n-480x640.jpg 480w, https:\/\/naturopause.fr\/wp-content\/uploads\/2024\/08\/448592795_10225516933451273_947345361643880425_n-600x800.jpg 600w, https:\/\/naturopause.fr\/wp-content\/uploads\/2024\/08\/448592795_10225516933451273_947345361643880425_n-68x90.jpg 68w, https:\/\/naturopause.fr\/wp-content\/uploads\/2024\/08\/448592795_10225516933451273_947345361643880425_n.jpg 1536w\" sizes=\"(max-width: 558px) 100vw, 558px\" \/><\/figure><\/div>\n\n\n<figure class=\"wp-block-image alignwide size-large\"><img loading=\"lazy\" decoding=\"async\" width=\"577\" height=\"1024\" src=\"https:\/\/naturopause.fr\/wp-content\/uploads\/2024\/08\/aurore-amma-assis-577x1024.jpg\" alt=\"\" class=\"wp-image-1282\" srcset=\"https:\/\/naturopause.fr\/wp-content\/uploads\/2024\/08\/aurore-amma-assis-577x1024.jpg 577w, https:\/\/naturopause.fr\/wp-content\/uploads\/2024\/08\/aurore-amma-assis-169x300.jpg 169w, https:\/\/naturopause.fr\/wp-content\/uploads\/2024\/08\/aurore-amma-assis-768x1364.jpg 768w, https:\/\/naturopause.fr\/wp-content\/uploads\/2024\/08\/aurore-amma-assis-865x1536.jpg 865w, https:\/\/naturopause.fr\/wp-content\/uploads\/2024\/08\/aurore-amma-assis-360x640.jpg 360w, https:\/\/naturopause.fr\/wp-content\/uploads\/2024\/08\/aurore-amma-assis-600x1066.jpg 600w, https:\/\/naturopause.fr\/wp-content\/uploads\/2024\/08\/aurore-amma-assis-51x90.jpg 51w, https:\/\/naturopause.fr\/wp-content\/uploads\/2024\/08\/aurore-amma-assis.jpg 1126w\" sizes=\"(max-width: 577px) 100vw, 577px\" \/><figcaption class=\"wp-element-caption\"><strong>Possibilit\u00e9 d&rsquo;aller \u00e0 votre domicile ou votre entreprise <\/strong><\/figcaption><\/figure>\n\n\n\n<figure class=\"wp-block-image size-large is-resized\"><img loading=\"lazy\" decoding=\"async\" src=\"https:\/\/naturopause.fr\/wp-content\/uploads\/2024\/08\/certificat-Amma-Assis-1-1024x737.jpg\" alt=\"\" class=\"wp-image-1283\" width=\"807\" height=\"582\" srcset=\"https:\/\/naturopause.fr\/wp-content\/uploads\/2024\/08\/certificat-Amma-Assis-1-1024x737.jpg 1024w, https:\/\/naturopause.fr\/wp-content\/uploads\/2024\/08\/certificat-Amma-Assis-1-300x216.jpg 300w, https:\/\/naturopause.fr\/wp-content\/uploads\/2024\/08\/certificat-Amma-Assis-1-768x553.jpg 768w, https:\/\/naturopause.fr\/wp-content\/uploads\/2024\/08\/certificat-Amma-Assis-1-1536x1105.jpg 1536w, https:\/\/naturopause.fr\/wp-content\/uploads\/2024\/08\/certificat-Amma-Assis-1-2048x1474.jpg 2048w, https:\/\/naturopause.fr\/wp-content\/uploads\/2024\/08\/certificat-Amma-Assis-1-640x461.jpg 640w, https:\/\/naturopause.fr\/wp-content\/uploads\/2024\/08\/certificat-Amma-Assis-1-600x432.jpg 600w, https:\/\/naturopause.fr\/wp-content\/uploads\/2024\/08\/certificat-Amma-Assis-1-125x90.jpg 125w\" sizes=\"(max-width: 807px) 100vw, 807px\" \/><figcaption class=\"wp-element-caption\">Un grand merci aux 30 volontaires !!!<\/figcaption><\/figure>\n","protected":false},"excerpt":{"rendered":"<p>Le\u00a0massage Amma (d\u00e9riv\u00e9 du terme An Mo qui signifie \u00ab\u00a0presser\u00a0\u00bb et \u00ab\u00a0frotter\u00a0\u00bb) est une approche \u00e9nerg\u00e9tique mill\u00e9naire bas\u00e9e sur les principes des M\u00e9decines traditionnelles japonaise et chinoise. Il a pour objectif d\u2019\u00e9liminer les blocages \u00e9nerg\u00e9tiques et de pr\u00e9venir et maintenir\u00a0la sant\u00e9 en exer\u00e7ant une&#8230;<\/p>\n","protected":false},"author":1,"featured_media":0,"parent":0,"menu_order":0,"comment_status":"closed","ping_status":"closed","template":"","meta":{"footnotes":""},"_links":{"self":[{"href":"https:\/\/naturopause.fr\/index.php\/wp-json\/wp\/v2\/pages\/1276"}],"collection":[{"href":"https:\/\/naturopause.fr\/index.php\/wp-json\/wp\/v2\/pages"}],"about":[{"href":"https:\/\/naturopause.fr\/index.php\/wp-json\/wp\/v2\/types\/page"}],"author":[{"embeddable":true,"href":"https:\/\/naturopause.fr\/index.php\/wp-json\/wp\/v2\/users\/1"}],"replies":[{"embeddable":true,"href":"https:\/\/naturopause.fr\/index.php\/wp-json\/wp\/v2\/comments?post=1276"}],"version-history":[{"count":3,"href":"https:\/\/naturopause.fr\/index.php\/wp-json\/wp\/v2\/pages\/1276\/revisions"}],"predecessor-version":[{"id":1285,"href":"https:\/\/naturopause.fr\/index.php\/wp-json\/wp\/v2\/pages\/1276\/revisions\/1285"}],"wp:attachment":[{"href":"https:\/\/naturopause.fr\/index.php\/wp-json\/wp\/v2\/media?parent=1276"}],"curies":[{"name":"wp","href":"https:\/\/api.w.org\/{rel}","templated":true}]}}