{"id":1253,"date":"2024-04-22T10:03:28","date_gmt":"2024-04-22T08:03:28","guid":{"rendered":"http:\/\/naturopause.fr\/?page_id=1253"},"modified":"2024-11-18T09:52:45","modified_gmt":"2024-11-18T08:52:45","slug":"shirotchampi-massage-du-cuir-chevelu-indien","status":"publish","type":"page","link":"https:\/\/naturopause.fr\/index.php\/shirotchampi-massage-du-cuir-chevelu-indien\/","title":{"rendered":"\u00ab\u00a0SHIROTCHAMPI\u00a0\u00bb  : Massage du cuir chevelu Indien"},"content":{"rendered":"\n<p> Il consiste \u00e0 <strong>masser le haut du dos, la t\u00eate ( visage et cr\u00e2ne), les \u00e9paules et la nuque<\/strong> pour \u00e9vacuer toutes les tensions et le stress de la journ\u00e9e.<\/p>\n\n\n\n<p> Ce massage traditionnel indien, \u00ab\u00a0<strong>Shirot\u00a0\u00bb signifiant t\u00eate<\/strong> et \u00ab\u00a0<strong>Champi\u00a0\u00bb signifiant massage<\/strong>, est \u00e0 l&rsquo;origine du mot shampoing.<\/p>\n\n\n\n<p class=\"has-vivid-purple-color has-text-color has-medium-font-size\"><strong>Ce qui signifie que c&rsquo;est un MASSAGE \u00e0 L&rsquo;HUILE DE S\u00c9SAME !!! Visage et cheveux g\u00e9n\u00e9reusement huil\u00e9s !!!<\/strong><\/p>\n\n\n\n<p><br>Ce modelage est <strong>tr\u00e8s d\u00e9contractant<\/strong>, il lutte contre les insomnies, r\u00e9duit les migraines et am\u00e9liore les probl\u00e8mes de troubles de la vue li\u00e9s \u00e0 la fatigue oculaire.<\/p>\n\n\n\n<p> Il favorise l&rsquo;harmonisation des cerveaux droit et gauche.<\/p>\n\n\n\n<p>Il est aussi recommand\u00e9 pour \u00e9viter la chute des cheveux, et favoriser leur repousse.<\/p>\n\n\n\n<figure class=\"wp-block-image size-large\"><img loading=\"lazy\" decoding=\"async\" width=\"1024\" height=\"768\" src=\"http:\/\/naturopause.fr\/wp-content\/uploads\/2024\/04\/image-1024x768.png\" alt=\"\" class=\"wp-image-1254\" srcset=\"https:\/\/naturopause.fr\/wp-content\/uploads\/2024\/04\/image-1024x768.png 1024w, https:\/\/naturopause.fr\/wp-content\/uploads\/2024\/04\/image-300x225.png 300w, https:\/\/naturopause.fr\/wp-content\/uploads\/2024\/04\/image-768x576.png 768w, https:\/\/naturopause.fr\/wp-content\/uploads\/2024\/04\/image-640x480.png 640w, https:\/\/naturopause.fr\/wp-content\/uploads\/2024\/04\/image-600x450.png 600w, https:\/\/naturopause.fr\/wp-content\/uploads\/2024\/04\/image-120x90.png 120w, https:\/\/naturopause.fr\/wp-content\/uploads\/2024\/04\/image.png 1500w\" sizes=\"(max-width: 1024px) 100vw, 1024px\" \/><\/figure>\n\n\n\n<p>On consid\u00e8re qu\u02bcil \u00e9claircit les id\u00e9es, am\u00e9liore la qualit\u00e9 du travail intellectuel tout en favorisant la  concentration.<br>Dans la tradition Ayurv\u00e9dique, le 6\u00e8me sens est le mental, c\u02bcest aussi le plus important !!.<br>La t\u00eate \u00e9tant la partie la plus importante de notre corps, outre le cerveau, les glandes pin\u00e9ales et hypophyses, elle commande aussi les cinq sens.<\/p>\n\n\n\n<p><strong>Le massage ayurv\u00e9dique est id\u00e9al pour toutes celles et ceux qui cherchent la s\u00e9r\u00e9nit\u00e9 et la paix int\u00e9rieure.<br>En Inde l\u02bcon dit que l\u02bcon retrouve le bonheur de vivre en exp\u00e9rimentant le massage ayurv\u00e9dique.<\/strong><\/p>\n\n\n<div class=\"wp-block-image\">\n<figure class=\"aligncenter size-large is-resized\"><img loading=\"lazy\" decoding=\"async\" src=\"http:\/\/naturopause.fr\/wp-content\/uploads\/2024\/04\/IMG_5702_def_copie-678x1024.jpg\" alt=\"\" class=\"wp-image-1256\" width=\"228\" height=\"344\" srcset=\"https:\/\/naturopause.fr\/wp-content\/uploads\/2024\/04\/IMG_5702_def_copie-678x1024.jpg 678w, https:\/\/naturopause.fr\/wp-content\/uploads\/2024\/04\/IMG_5702_def_copie-199x300.jpg 199w, https:\/\/naturopause.fr\/wp-content\/uploads\/2024\/04\/IMG_5702_def_copie-768x1159.jpg 768w, https:\/\/naturopause.fr\/wp-content\/uploads\/2024\/04\/IMG_5702_def_copie-1018x1536.jpg 1018w, https:\/\/naturopause.fr\/wp-content\/uploads\/2024\/04\/IMG_5702_def_copie-424x640.jpg 424w, https:\/\/naturopause.fr\/wp-content\/uploads\/2024\/04\/IMG_5702_def_copie-600x906.jpg 600w, https:\/\/naturopause.fr\/wp-content\/uploads\/2024\/04\/IMG_5702_def_copie-60x90.jpg 60w, https:\/\/naturopause.fr\/wp-content\/uploads\/2024\/04\/IMG_5702_def_copie.jpg 1325w\" sizes=\"(max-width: 228px) 100vw, 228px\" \/><\/figure><\/div>\n\n\n<p><\/p>\n\n\n\n<figure class=\"wp-block-image size-full is-resized\"><img loading=\"lazy\" decoding=\"async\" src=\"http:\/\/naturopause.fr\/wp-content\/uploads\/2024\/04\/unalhome-40130-capbreton.jpg\" alt=\"\" class=\"wp-image-1257\" width=\"320\" height=\"213\" srcset=\"https:\/\/naturopause.fr\/wp-content\/uploads\/2024\/04\/unalhome-40130-capbreton.jpg 550w, https:\/\/naturopause.fr\/wp-content\/uploads\/2024\/04\/unalhome-40130-capbreton-300x200.jpg 300w, https:\/\/naturopause.fr\/wp-content\/uploads\/2024\/04\/unalhome-40130-capbreton-135x90.jpg 135w\" sizes=\"(max-width: 320px) 100vw, 320px\" \/><figcaption class=\"wp-element-caption\">A l&rsquo;huile de s\u00e9same <strong>qui viendra nourrir le cuir chevelu et la peau en profondeur<\/strong>.<\/figcaption><\/figure>\n\n\n<div class=\"wp-block-image is-style-default\">\n<figure class=\"aligncenter size-large is-resized\"><img loading=\"lazy\" decoding=\"async\" src=\"http:\/\/naturopause.fr\/wp-content\/uploads\/2024\/04\/liste-nom-volonatire-shirot-732x1024.jpg\" alt=\"\" class=\"wp-image-1260\" width=\"672\" height=\"940\" srcset=\"https:\/\/naturopause.fr\/wp-content\/uploads\/2024\/04\/liste-nom-volonatire-shirot-732x1024.jpg 732w, https:\/\/naturopause.fr\/wp-content\/uploads\/2024\/04\/liste-nom-volonatire-shirot-214x300.jpg 214w, https:\/\/naturopause.fr\/wp-content\/uploads\/2024\/04\/liste-nom-volonatire-shirot-768x1074.jpg 768w, https:\/\/naturopause.fr\/wp-content\/uploads\/2024\/04\/liste-nom-volonatire-shirot-1098x1536.jpg 1098w, https:\/\/naturopause.fr\/wp-content\/uploads\/2024\/04\/liste-nom-volonatire-shirot-1464x2048.jpg 1464w, https:\/\/naturopause.fr\/wp-content\/uploads\/2024\/04\/liste-nom-volonatire-shirot-457x640.jpg 457w, https:\/\/naturopause.fr\/wp-content\/uploads\/2024\/04\/liste-nom-volonatire-shirot-600x839.jpg 600w, https:\/\/naturopause.fr\/wp-content\/uploads\/2024\/04\/liste-nom-volonatire-shirot-64x90.jpg 64w, https:\/\/naturopause.fr\/wp-content\/uploads\/2024\/04\/liste-nom-volonatire-shirot-scaled.jpg 1830w\" sizes=\"(max-width: 672px) 100vw, 672px\" \/><figcaption class=\"wp-element-caption\"><strong>\u00a0\u00bb Un  tr\u00e8s grand MERCI \u00e0 toutes les personnes volontaires qui m&rsquo;ont permis de perfectionner ce massage soin\u00a0\u00bb<\/strong><\/figcaption><\/figure><\/div>\n\n\n<p class=\"has-text-align-left\">Environ 1h= 60\u20ac<\/p>\n\n\n","protected":false},"excerpt":{"rendered":"<p>Il consiste \u00e0 masser le haut du dos, la t\u00eate ( visage et cr\u00e2ne), les \u00e9paules et la nuque pour \u00e9vacuer toutes les tensions et le stress de la journ\u00e9e. Ce massage traditionnel indien, \u00ab\u00a0Shirot\u00a0\u00bb signifiant t\u00eate et \u00ab\u00a0Champi\u00a0\u00bb signifiant massage, est \u00e0 l&rsquo;origine&#8230;<\/p>\n","protected":false},"author":1,"featured_media":0,"parent":0,"menu_order":0,"comment_status":"closed","ping_status":"closed","template":"","meta":{"footnotes":""},"_links":{"self":[{"href":"https:\/\/naturopause.fr\/index.php\/wp-json\/wp\/v2\/pages\/1253"}],"collection":[{"href":"https:\/\/naturopause.fr\/index.php\/wp-json\/wp\/v2\/pages"}],"about":[{"href":"https:\/\/naturopause.fr\/index.php\/wp-json\/wp\/v2\/types\/page"}],"author":[{"embeddable":true,"href":"https:\/\/naturopause.fr\/index.php\/wp-json\/wp\/v2\/users\/1"}],"replies":[{"embeddable":true,"href":"https:\/\/naturopause.fr\/index.php\/wp-json\/wp\/v2\/comments?post=1253"}],"version-history":[{"count":12,"href":"https:\/\/naturopause.fr\/index.php\/wp-json\/wp\/v2\/pages\/1253\/revisions"}],"predecessor-version":[{"id":1324,"href":"https:\/\/naturopause.fr\/index.php\/wp-json\/wp\/v2\/pages\/1253\/revisions\/1324"}],"wp:attachment":[{"href":"https:\/\/naturopause.fr\/index.php\/wp-json\/wp\/v2\/media?parent=1253"}],"curies":[{"name":"wp","href":"https:\/\/api.w.org\/{rel}","templated":true}]}}