{"id":1202,"date":"2024-03-15T17:29:35","date_gmt":"2024-03-15T16:29:35","guid":{"rendered":"http:\/\/naturopause.fr\/?page_id=1202"},"modified":"2024-03-15T17:29:35","modified_gmt":"2024-03-15T16:29:35","slug":"le-mystique","status":"publish","type":"page","link":"https:\/\/naturopause.fr\/index.php\/le-mystique\/","title":{"rendered":"\u00ab\u00a0Le mystique\u00a0\u00bb"},"content":{"rendered":"<div class=\"wp-block-image\">\n<figure class=\"aligncenter size-large is-resized\"><img loading=\"lazy\" decoding=\"async\" src=\"http:\/\/naturopause.fr\/wp-content\/uploads\/2024\/03\/pied-838x1024.jpg\" alt=\"\" class=\"wp-image-1203\" width=\"583\" height=\"712\" srcset=\"https:\/\/naturopause.fr\/wp-content\/uploads\/2024\/03\/pied-838x1024.jpg 838w, https:\/\/naturopause.fr\/wp-content\/uploads\/2024\/03\/pied-246x300.jpg 246w, https:\/\/naturopause.fr\/wp-content\/uploads\/2024\/03\/pied-768x938.jpg 768w, https:\/\/naturopause.fr\/wp-content\/uploads\/2024\/03\/pied-524x640.jpg 524w, https:\/\/naturopause.fr\/wp-content\/uploads\/2024\/03\/pied-600x733.jpg 600w, https:\/\/naturopause.fr\/wp-content\/uploads\/2024\/03\/pied-74x90.jpg 74w, https:\/\/naturopause.fr\/wp-content\/uploads\/2024\/03\/pied.jpg 982w\" sizes=\"(max-width: 583px) 100vw, 583px\" \/><figcaption class=\"wp-element-caption\"><strong>Soin Alliant La r\u00e9flexologie plantaire<\/strong> <strong>avec un \u00e9tat hypnotique <\/strong><\/figcaption><\/figure><\/div>\n\n\n<p class=\"has-large-font-size\"><em><strong>Comment se d\u00e9roule une s\u00e9ance exactement ?:<\/strong><\/em><\/p>\n\n\n\n<p>=> Apr\u00e8s un moment d&rsquo;\u00e9changes, d&rsquo;\u00e9coute de votre demande et de vos besoins ; je vous propose diff\u00e9rentes huiles essentielles \u00e0 lib\u00e9ration \u00e9motionnelle . Puis je commencerai par un massage l\u00e9ger sur le visage et le cr\u00e2ne pour d\u00e9buter la mise en confiance et le l\u00e2cher-prise.<\/p>\n\n\n\n<p>=> Enfin je m\u2019installe \u00e0 vos pieds pour le soin de r\u00e9flexologie plantaire et l&rsquo;entr\u00e9e en \u00e9tat hypnotique li\u00e9 \u00e0 votre probl\u00e9matique ( respiration guid\u00e9e et profondes, &#8230;)<\/p>\n\n\n\n<p>Mais attention, ce n\u2019est pas une baguette magique et votre implication est indispensable !!! \ud83d\ude42<\/p>\n\n\n\n<p class=\"has-medium-font-size\"><\/p>\n\n\n\n<p>=><strong> L\u2019hypnose est un \u00e9tat naturel<\/strong> que l\u2019on vit chaque jour sans le savoir lorsque le conscient se met sur pause et l\u2019inconscient prend le relais.<br>Vos ondes c\u00e9r\u00e9brales se ralentissent et cet \u00e9tat permet d\u2019acc\u00e9der \u00e0 une sorte d\u2019espace diff\u00e9rent propice au changement.<\/p>\n\n\n\n<p class=\"has-medium-font-size\">=> Ajout si n\u00e9cessaire des <strong>Huiles Essentielles adapt\u00e9es \u00e0 votre probl\u00e9matique<\/strong><\/p>\n\n\n\n<p>En activant quasi instantan\u00e9ment notre m\u00e9moire \u00e9motionnelle, les odeurs s\u2019av\u00e8rent de pr\u00e9cieux outils th\u00e9rapeutiques pour qui sait les manier<\/p>\n\n\n\n<p><em>Alli\u00e9es au soin \u00e9nerg\u00e9tique et r\u00e9flexologie , elles vont agir sur le syst\u00e8me immunitaire et le syst\u00e8me nerveux.&nbsp;\u00bb<\/em><\/p>\n\n\n\n<p><strong>Dur\u00e9e : 1h environ 60\u20ac<\/strong><\/p>\n\n\n<div class=\"wp-block-image\">\n<figure class=\"aligncenter size-full is-resized\"><img loading=\"lazy\" decoding=\"async\" src=\"http:\/\/naturopause.fr\/wp-content\/uploads\/2024\/03\/accueilhypnose_orig-1024x637-1.jpg\" alt=\"\" class=\"wp-image-1205\" width=\"599\" height=\"373\" srcset=\"https:\/\/naturopause.fr\/wp-content\/uploads\/2024\/03\/accueilhypnose_orig-1024x637-1.jpg 1024w, https:\/\/naturopause.fr\/wp-content\/uploads\/2024\/03\/accueilhypnose_orig-1024x637-1-300x187.jpg 300w, https:\/\/naturopause.fr\/wp-content\/uploads\/2024\/03\/accueilhypnose_orig-1024x637-1-768x478.jpg 768w, https:\/\/naturopause.fr\/wp-content\/uploads\/2024\/03\/accueilhypnose_orig-1024x637-1-640x398.jpg 640w, https:\/\/naturopause.fr\/wp-content\/uploads\/2024\/03\/accueilhypnose_orig-1024x637-1-600x373.jpg 600w, https:\/\/naturopause.fr\/wp-content\/uploads\/2024\/03\/accueilhypnose_orig-1024x637-1-145x90.jpg 145w\" sizes=\"(max-width: 599px) 100vw, 599px\" \/><\/figure><\/div>","protected":false},"excerpt":{"rendered":"<p>Comment se d\u00e9roule une s\u00e9ance exactement ?: => Apr\u00e8s un moment d&rsquo;\u00e9changes, d&rsquo;\u00e9coute de votre demande et de vos besoins ; je vous propose diff\u00e9rentes huiles essentielles \u00e0 lib\u00e9ration \u00e9motionnelle . Puis je commencerai par un massage l\u00e9ger sur le visage et le cr\u00e2ne&#8230;<\/p>\n","protected":false},"author":1,"featured_media":0,"parent":0,"menu_order":0,"comment_status":"closed","ping_status":"closed","template":"","meta":{"footnotes":""},"_links":{"self":[{"href":"https:\/\/naturopause.fr\/index.php\/wp-json\/wp\/v2\/pages\/1202"}],"collection":[{"href":"https:\/\/naturopause.fr\/index.php\/wp-json\/wp\/v2\/pages"}],"about":[{"href":"https:\/\/naturopause.fr\/index.php\/wp-json\/wp\/v2\/types\/page"}],"author":[{"embeddable":true,"href":"https:\/\/naturopause.fr\/index.php\/wp-json\/wp\/v2\/users\/1"}],"replies":[{"embeddable":true,"href":"https:\/\/naturopause.fr\/index.php\/wp-json\/wp\/v2\/comments?post=1202"}],"version-history":[{"count":3,"href":"https:\/\/naturopause.fr\/index.php\/wp-json\/wp\/v2\/pages\/1202\/revisions"}],"predecessor-version":[{"id":1208,"href":"https:\/\/naturopause.fr\/index.php\/wp-json\/wp\/v2\/pages\/1202\/revisions\/1208"}],"wp:attachment":[{"href":"https:\/\/naturopause.fr\/index.php\/wp-json\/wp\/v2\/media?parent=1202"}],"curies":[{"name":"wp","href":"https:\/\/api.w.org\/{rel}","templated":true}]}}